
{"id":2971,"date":"2024-02-08T23:21:33","date_gmt":"2024-02-08T23:21:33","guid":{"rendered":"https:\/\/tenisoriente.cl\/tenisoriente\/?page_id=2971"},"modified":"2024-03-06T03:18:09","modified_gmt":"2024-03-06T03:18:09","slug":"mision-2","status":"publish","type":"page","link":"https:\/\/amto.cl\/tenisoriente\/mision-2\/","title":{"rendered":"Mision"},"content":{"rendered":"\t\t<div data-elementor-type=\"wp-page\" data-elementor-id=\"2971\" class=\"elementor elementor-2971\" data-elementor-post-type=\"page\">\n\t\t\t\t<div class=\"elementor-element elementor-element-a4e535c e-flex e-con-boxed e-con e-parent\" data-id=\"a4e535c\" data-element_type=\"container\" data-e-type=\"container\">\n\t\t\t\t\t<div class=\"e-con-inner\">\n\t\t<div class=\"elementor-element elementor-element-6344ecc e-flex e-con-boxed e-con e-child\" data-id=\"6344ecc\" data-element_type=\"container\" data-e-type=\"container\" data-settings=\"{&quot;background_background&quot;:&quot;classic&quot;}\">\n\t\t\t\t\t<div class=\"e-con-inner\">\n\t\t\t\t<div class=\"elementor-element elementor-element-08954ea elementor-widget__width-inherit elementor-widget elementor-widget-heading\" data-id=\"08954ea\" data-element_type=\"widget\" data-e-type=\"widget\" data-widget_type=\"heading.default\">\n\t\t\t\t<div class=\"elementor-widget-container\">\n\t\t\t\t\t<h3 class=\"elementor-heading-title elementor-size-default\">ASOCIACION METROPOLITANA DE TENIS ORIENTE<\/h3>\t\t\t\t<\/div>\n\t\t\t\t<\/div>\n\t\t\t\t\t<\/div>\n\t\t\t\t<\/div>\n\t\t\t\t\t<\/div>\n\t\t\t\t<\/div>\n\t\t<div class=\"elementor-element elementor-element-89ca7dd e-flex e-con-boxed e-con e-parent\" data-id=\"89ca7dd\" data-element_type=\"container\" data-e-type=\"container\">\n\t\t\t\t\t<div class=\"e-con-inner\">\n\t\t<div class=\"elementor-element elementor-element-04fc39b e-flex e-con-boxed e-con e-child\" data-id=\"04fc39b\" data-element_type=\"container\" data-e-type=\"container\" data-settings=\"{&quot;background_background&quot;:&quot;classic&quot;}\">\n\t\t\t\t\t<div class=\"e-con-inner\">\n\t\t<div class=\"elementor-element elementor-element-9b6edb3 e-con-full e-flex e-con e-child\" data-id=\"9b6edb3\" data-element_type=\"container\" data-e-type=\"container\">\n\t\t<div class=\"elementor-element elementor-element-dba6c68 e-con-full e-flex e-con e-child\" data-id=\"dba6c68\" data-element_type=\"container\" data-e-type=\"container\">\n\t\t\t\t<div class=\"elementor-element elementor-element-a142c3c elementor-widget elementor-widget-heading\" data-id=\"a142c3c\" data-element_type=\"widget\" data-e-type=\"widget\" data-widget_type=\"heading.default\">\n\t\t\t\t<div class=\"elementor-widget-container\">\n\t\t\t\t\t<h3 class=\"elementor-heading-title elementor-size-default\">Nuestra Misi\u00f3n<\/h3>\t\t\t\t<\/div>\n\t\t\t\t<\/div>\n\t\t\t\t<div class=\"elementor-element elementor-element-8bfdf1e elementor-widget elementor-widget-text-editor\" data-id=\"8bfdf1e\" data-element_type=\"widget\" data-e-type=\"widget\" data-widget_type=\"text-editor.default\">\n\t\t\t\t<div class=\"elementor-widget-container\">\n\t\t\t\t\t\t\t\t\t<ul><li>La Asociaci\u00f3n tendr\u00e1 por objeto promover, fomentar y difundir el Tenis en el pa\u00eds y en la Zona Oriente de la Regi\u00f3n Metropolitana.<\/li><\/ul><p>\u00a0<\/p><ul><li>Incentivar la formaci\u00f3n de nuevos Clubes de Tenis que se integren a la labor de la Federaci\u00f3n de Tenis y de las Asociaciones del pa\u00eds.<\/li><\/ul><p>\u00a0<\/p><ul><li>Velar por el cumplimiento de las leyes de juegos adoptadas por la Federaci\u00f3n Internacional, con todas las modificaciones y ampliaciones que se produzcan.<\/li><\/ul><p>\u00a0<\/p><ul><li>Auspiciar y organizar torneos zonales, \u00ednter zonal, \u00ednter clubes y abiertos, y Cooperar con la Federaci\u00f3n de Tenis en la realizaci\u00f3n de Torneos Nacionales e Internacionales.<\/li><\/ul><p>\u00a0<\/p><ul><li>Velar por la buena organizaci\u00f3n de los campeonatos abiertos, respetando las normas de juego y las actividades de los jugadores no competitivos.<\/li><\/ul><p>\u00a0\u00a0\u00a0\u00a0\u00a0\u00a0\u00a0<\/p><ul><li>Ayudar en la difusi\u00f3n del Tenis a la Federaci\u00f3n, las otras Asociaciones del pa\u00eds y las Instituciones y personas jur\u00eddicas que tengan los mismos objetivos.<\/li><\/ul>\t\t\t\t\t\t\t\t<\/div>\n\t\t\t\t<\/div>\n\t\t\t\t<\/div>\n\t\t\t\t<\/div>\n\t\t\t\t<div class=\"elementor-element elementor-element-14cf2d5 e-transform elementor-invisible elementor-widget elementor-widget-image\" data-id=\"14cf2d5\" data-element_type=\"widget\" data-e-type=\"widget\" data-settings=\"{&quot;motion_fx_motion_fx_scrolling&quot;:&quot;yes&quot;,&quot;motion_fx_range&quot;:&quot;viewport&quot;,&quot;motion_fx_motion_fx_mouse&quot;:&quot;yes&quot;,&quot;motion_fx_tilt_effect&quot;:&quot;yes&quot;,&quot;motion_fx_tilt_speed&quot;:{&quot;unit&quot;:&quot;px&quot;,&quot;size&quot;:4.5,&quot;sizes&quot;:[]},&quot;_animation&quot;:&quot;fadeInLeft&quot;,&quot;_transform_skewX_effect&quot;:{&quot;unit&quot;:&quot;px&quot;,&quot;size&quot;:-10,&quot;sizes&quot;:[]},&quot;motion_fx_devices&quot;:[&quot;desktop&quot;,&quot;tablet&quot;,&quot;mobile&quot;],&quot;_transform_skewX_effect_tablet&quot;:{&quot;unit&quot;:&quot;deg&quot;,&quot;size&quot;:&quot;&quot;,&quot;sizes&quot;:[]},&quot;_transform_skewX_effect_mobile&quot;:{&quot;unit&quot;:&quot;deg&quot;,&quot;size&quot;:&quot;&quot;,&quot;sizes&quot;:[]},&quot;_transform_skewY_effect&quot;:{&quot;unit&quot;:&quot;px&quot;,&quot;size&quot;:&quot;&quot;,&quot;sizes&quot;:[]},&quot;_transform_skewY_effect_tablet&quot;:{&quot;unit&quot;:&quot;deg&quot;,&quot;size&quot;:&quot;&quot;,&quot;sizes&quot;:[]},&quot;_transform_skewY_effect_mobile&quot;:{&quot;unit&quot;:&quot;deg&quot;,&quot;size&quot;:&quot;&quot;,&quot;sizes&quot;:[]}}\" data-widget_type=\"image.default\">\n\t\t\t\t<div class=\"elementor-widget-container\">\n\t\t\t\t\t\t\t\t\t\t\t\t\t\t\t<img fetchpriority=\"high\" decoding=\"async\" width=\"1599\" height=\"1066\" src=\"https:\/\/amto.cl\/tenisoriente\/wp-content\/uploads\/2024\/02\/IMG-20240122-WA0011.jpg\" class=\"attachment-full size-full wp-image-2931\" alt=\"\" srcset=\"https:\/\/amto.cl\/tenisoriente\/wp-content\/uploads\/2024\/02\/IMG-20240122-WA0011.jpg 1599w, https:\/\/amto.cl\/tenisoriente\/wp-content\/uploads\/2024\/02\/IMG-20240122-WA0011-600x400.jpg 600w, https:\/\/amto.cl\/tenisoriente\/wp-content\/uploads\/2024\/02\/IMG-20240122-WA0011-300x200.jpg 300w, https:\/\/amto.cl\/tenisoriente\/wp-content\/uploads\/2024\/02\/IMG-20240122-WA0011-1024x683.jpg 1024w, https:\/\/amto.cl\/tenisoriente\/wp-content\/uploads\/2024\/02\/IMG-20240122-WA0011-768x512.jpg 768w, https:\/\/amto.cl\/tenisoriente\/wp-content\/uploads\/2024\/02\/IMG-20240122-WA0011-1536x1024.jpg 1536w\" sizes=\"(max-width: 1599px) 100vw, 1599px\" \/>\t\t\t\t\t\t\t\t\t\t\t\t\t\t\t<\/div>\n\t\t\t\t<\/div>\n\t\t\t\t\t<\/div>\n\t\t\t\t<\/div>\n\t\t\t\t\t<\/div>\n\t\t\t\t<\/div>\n\t\t\t\t<\/div>\n\t\t","protected":false},"excerpt":{"rendered":"<p>ASOCIACION METROPOLITANA DE TENIS ORIENTE Nuestra Misi\u00f3n La Asociaci\u00f3n tendr\u00e1 por objeto promover, fomentar y difundir el Tenis en el pa\u00eds y en la Zona Oriente de la Regi\u00f3n Metropolitana. \u00a0 Incentivar la formaci\u00f3n de nuevos Clubes de Tenis que se integren a la labor de la Federaci\u00f3n de Tenis y de las Asociaciones del [&hellip;]<\/p>\n","protected":false},"author":1,"featured_media":0,"parent":0,"menu_order":0,"comment_status":"closed","ping_status":"closed","template":"elementor_header_footer","meta":{"footnotes":""},"class_list":["post-2971","page","type-page","status-publish","hentry"],"yoast_head":"<!-- This site is optimized with the Yoast SEO plugin v26.3 - https:\/\/yoast.com\/wordpress\/plugins\/seo\/ -->\n<title>Mision - Amto<\/title>\n<meta name=\"robots\" content=\"index, follow, max-snippet:-1, max-image-preview:large, max-video-preview:-1\" \/>\n<link rel=\"canonical\" href=\"https:\/\/amto.cl\/tenisoriente\/mision-2\/\" \/>\n<meta property=\"og:locale\" content=\"es_ES\" \/>\n<meta property=\"og:type\" content=\"article\" \/>\n<meta property=\"og:title\" content=\"Mision - Amto\" \/>\n<meta property=\"og:description\" content=\"ASOCIACION METROPOLITANA DE TENIS ORIENTE Nuestra Misi\u00f3n La Asociaci\u00f3n tendr\u00e1 por objeto promover, fomentar y difundir el Tenis en el pa\u00eds y en la Zona Oriente de la Regi\u00f3n Metropolitana. \u00a0 Incentivar la formaci\u00f3n de nuevos Clubes de Tenis que se integren a la labor de la Federaci\u00f3n de Tenis y de las Asociaciones del [&hellip;]\" \/>\n<meta property=\"og:url\" content=\"https:\/\/amto.cl\/tenisoriente\/mision-2\/\" \/>\n<meta property=\"og:site_name\" content=\"Amto\" \/>\n<meta property=\"article:modified_time\" content=\"2024-03-06T03:18:09+00:00\" \/>\n<meta property=\"og:image\" content=\"https:\/\/amto.cl\/tenisoriente\/wp-content\/uploads\/2024\/02\/IMG-20240122-WA0011.jpg\" \/>\n\t<meta property=\"og:image:width\" content=\"1599\" \/>\n\t<meta property=\"og:image:height\" content=\"1066\" \/>\n\t<meta property=\"og:image:type\" content=\"image\/jpeg\" \/>\n<meta name=\"twitter:card\" content=\"summary_large_image\" \/>\n<meta name=\"twitter:label1\" content=\"Tiempo de lectura\" \/>\n\t<meta name=\"twitter:data1\" content=\"1 minuto\" \/>\n<script type=\"application\/ld+json\" class=\"yoast-schema-graph\">{\"@context\":\"https:\/\/schema.org\",\"@graph\":[{\"@type\":\"WebPage\",\"@id\":\"https:\/\/amto.cl\/tenisoriente\/mision-2\/\",\"url\":\"https:\/\/amto.cl\/tenisoriente\/mision-2\/\",\"name\":\"Mision - Amto\",\"isPartOf\":{\"@id\":\"https:\/\/amto.cl\/tenisoriente\/#website\"},\"primaryImageOfPage\":{\"@id\":\"https:\/\/amto.cl\/tenisoriente\/mision-2\/#primaryimage\"},\"image\":{\"@id\":\"https:\/\/amto.cl\/tenisoriente\/mision-2\/#primaryimage\"},\"thumbnailUrl\":\"https:\/\/amto.cl\/tenisoriente\/wp-content\/uploads\/2024\/02\/IMG-20240122-WA0011.jpg\",\"datePublished\":\"2024-02-08T23:21:33+00:00\",\"dateModified\":\"2024-03-06T03:18:09+00:00\",\"breadcrumb\":{\"@id\":\"https:\/\/amto.cl\/tenisoriente\/mision-2\/#breadcrumb\"},\"inLanguage\":\"es\",\"potentialAction\":[{\"@type\":\"ReadAction\",\"target\":[\"https:\/\/amto.cl\/tenisoriente\/mision-2\/\"]}]},{\"@type\":\"ImageObject\",\"inLanguage\":\"es\",\"@id\":\"https:\/\/amto.cl\/tenisoriente\/mision-2\/#primaryimage\",\"url\":\"https:\/\/amto.cl\/tenisoriente\/wp-content\/uploads\/2024\/02\/IMG-20240122-WA0011.jpg\",\"contentUrl\":\"https:\/\/amto.cl\/tenisoriente\/wp-content\/uploads\/2024\/02\/IMG-20240122-WA0011.jpg\",\"width\":1599,\"height\":1066},{\"@type\":\"BreadcrumbList\",\"@id\":\"https:\/\/amto.cl\/tenisoriente\/mision-2\/#breadcrumb\",\"itemListElement\":[{\"@type\":\"ListItem\",\"position\":1,\"name\":\"Portada\",\"item\":\"https:\/\/amto.cl\/tenisoriente\/\"},{\"@type\":\"ListItem\",\"position\":2,\"name\":\"Mision\"}]},{\"@type\":\"WebSite\",\"@id\":\"https:\/\/amto.cl\/tenisoriente\/#website\",\"url\":\"https:\/\/amto.cl\/tenisoriente\/\",\"name\":\"www.amto.cl\",\"description\":\"Asociacion Metropolitana de Tenis Oriente AMTO\",\"publisher\":{\"@id\":\"https:\/\/amto.cl\/tenisoriente\/#organization\"},\"alternateName\":\"TENISORIENTE\",\"potentialAction\":[{\"@type\":\"SearchAction\",\"target\":{\"@type\":\"EntryPoint\",\"urlTemplate\":\"https:\/\/amto.cl\/tenisoriente\/?s={search_term_string}\"},\"query-input\":{\"@type\":\"PropertyValueSpecification\",\"valueRequired\":true,\"valueName\":\"search_term_string\"}}],\"inLanguage\":\"es\"},{\"@type\":\"Organization\",\"@id\":\"https:\/\/amto.cl\/tenisoriente\/#organization\",\"name\":\"Amto\",\"alternateName\":\"amto.cl\",\"url\":\"https:\/\/amto.cl\/tenisoriente\/\",\"logo\":{\"@type\":\"ImageObject\",\"inLanguage\":\"es\",\"@id\":\"https:\/\/amto.cl\/tenisoriente\/#\/schema\/logo\/image\/\",\"url\":\"https:\/\/amto.cl\/tenisoriente\/wp-content\/uploads\/2024\/02\/logo.png\",\"contentUrl\":\"https:\/\/amto.cl\/tenisoriente\/wp-content\/uploads\/2024\/02\/logo.png\",\"width\":278,\"height\":80,\"caption\":\"Amto\"},\"image\":{\"@id\":\"https:\/\/amto.cl\/tenisoriente\/#\/schema\/logo\/image\/\"}}]}<\/script>\n<!-- \/ Yoast SEO plugin. -->","yoast_head_json":{"title":"Mision - Amto","robots":{"index":"index","follow":"follow","max-snippet":"max-snippet:-1","max-image-preview":"max-image-preview:large","max-video-preview":"max-video-preview:-1"},"canonical":"https:\/\/amto.cl\/tenisoriente\/mision-2\/","og_locale":"es_ES","og_type":"article","og_title":"Mision - Amto","og_description":"ASOCIACION METROPOLITANA DE TENIS ORIENTE Nuestra Misi\u00f3n La Asociaci\u00f3n tendr\u00e1 por objeto promover, fomentar y difundir el Tenis en el pa\u00eds y en la Zona Oriente de la Regi\u00f3n Metropolitana. \u00a0 Incentivar la formaci\u00f3n de nuevos Clubes de Tenis que se integren a la labor de la Federaci\u00f3n de Tenis y de las Asociaciones del [&hellip;]","og_url":"https:\/\/amto.cl\/tenisoriente\/mision-2\/","og_site_name":"Amto","article_modified_time":"2024-03-06T03:18:09+00:00","og_image":[{"width":1599,"height":1066,"url":"https:\/\/amto.cl\/tenisoriente\/wp-content\/uploads\/2024\/02\/IMG-20240122-WA0011.jpg","type":"image\/jpeg"}],"twitter_card":"summary_large_image","twitter_misc":{"Tiempo de lectura":"1 minuto"},"schema":{"@context":"https:\/\/schema.org","@graph":[{"@type":"WebPage","@id":"https:\/\/amto.cl\/tenisoriente\/mision-2\/","url":"https:\/\/amto.cl\/tenisoriente\/mision-2\/","name":"Mision - Amto","isPartOf":{"@id":"https:\/\/amto.cl\/tenisoriente\/#website"},"primaryImageOfPage":{"@id":"https:\/\/amto.cl\/tenisoriente\/mision-2\/#primaryimage"},"image":{"@id":"https:\/\/amto.cl\/tenisoriente\/mision-2\/#primaryimage"},"thumbnailUrl":"https:\/\/amto.cl\/tenisoriente\/wp-content\/uploads\/2024\/02\/IMG-20240122-WA0011.jpg","datePublished":"2024-02-08T23:21:33+00:00","dateModified":"2024-03-06T03:18:09+00:00","breadcrumb":{"@id":"https:\/\/amto.cl\/tenisoriente\/mision-2\/#breadcrumb"},"inLanguage":"es","potentialAction":[{"@type":"ReadAction","target":["https:\/\/amto.cl\/tenisoriente\/mision-2\/"]}]},{"@type":"ImageObject","inLanguage":"es","@id":"https:\/\/amto.cl\/tenisoriente\/mision-2\/#primaryimage","url":"https:\/\/amto.cl\/tenisoriente\/wp-content\/uploads\/2024\/02\/IMG-20240122-WA0011.jpg","contentUrl":"https:\/\/amto.cl\/tenisoriente\/wp-content\/uploads\/2024\/02\/IMG-20240122-WA0011.jpg","width":1599,"height":1066},{"@type":"BreadcrumbList","@id":"https:\/\/amto.cl\/tenisoriente\/mision-2\/#breadcrumb","itemListElement":[{"@type":"ListItem","position":1,"name":"Portada","item":"https:\/\/amto.cl\/tenisoriente\/"},{"@type":"ListItem","position":2,"name":"Mision"}]},{"@type":"WebSite","@id":"https:\/\/amto.cl\/tenisoriente\/#website","url":"https:\/\/amto.cl\/tenisoriente\/","name":"www.amto.cl","description":"Asociacion Metropolitana de Tenis Oriente AMTO","publisher":{"@id":"https:\/\/amto.cl\/tenisoriente\/#organization"},"alternateName":"TENISORIENTE","potentialAction":[{"@type":"SearchAction","target":{"@type":"EntryPoint","urlTemplate":"https:\/\/amto.cl\/tenisoriente\/?s={search_term_string}"},"query-input":{"@type":"PropertyValueSpecification","valueRequired":true,"valueName":"search_term_string"}}],"inLanguage":"es"},{"@type":"Organization","@id":"https:\/\/amto.cl\/tenisoriente\/#organization","name":"Amto","alternateName":"amto.cl","url":"https:\/\/amto.cl\/tenisoriente\/","logo":{"@type":"ImageObject","inLanguage":"es","@id":"https:\/\/amto.cl\/tenisoriente\/#\/schema\/logo\/image\/","url":"https:\/\/amto.cl\/tenisoriente\/wp-content\/uploads\/2024\/02\/logo.png","contentUrl":"https:\/\/amto.cl\/tenisoriente\/wp-content\/uploads\/2024\/02\/logo.png","width":278,"height":80,"caption":"Amto"},"image":{"@id":"https:\/\/amto.cl\/tenisoriente\/#\/schema\/logo\/image\/"}}]}},"_links":{"self":[{"href":"https:\/\/amto.cl\/tenisoriente\/wp-json\/wp\/v2\/pages\/2971","targetHints":{"allow":["GET"]}}],"collection":[{"href":"https:\/\/amto.cl\/tenisoriente\/wp-json\/wp\/v2\/pages"}],"about":[{"href":"https:\/\/amto.cl\/tenisoriente\/wp-json\/wp\/v2\/types\/page"}],"author":[{"embeddable":true,"href":"https:\/\/amto.cl\/tenisoriente\/wp-json\/wp\/v2\/users\/1"}],"replies":[{"embeddable":true,"href":"https:\/\/amto.cl\/tenisoriente\/wp-json\/wp\/v2\/comments?post=2971"}],"version-history":[{"count":29,"href":"https:\/\/amto.cl\/tenisoriente\/wp-json\/wp\/v2\/pages\/2971\/revisions"}],"predecessor-version":[{"id":3538,"href":"https:\/\/amto.cl\/tenisoriente\/wp-json\/wp\/v2\/pages\/2971\/revisions\/3538"}],"wp:attachment":[{"href":"https:\/\/amto.cl\/tenisoriente\/wp-json\/wp\/v2\/media?parent=2971"}],"curies":[{"name":"wp","href":"https:\/\/api.w.org\/{rel}","templated":true}]}}